of 1142776?
7
What is the hundreds digit of 8691204?
2
What is the units digit of 629642?
2
What is the thousands digit of 685406?
5
What is the tens digit of 918337?
3
What is the units digit of 11879?
9
What is the units digit of 233162?
2
What is the ten thousands digit of 238775?
3
What is the hundreds digit of 4415239?
2
What is the hundred thousands digit of 5474627?
4
What is the thousands digit of 1354957?
4
What is the hundreds digit of 148741?
7
What is the tens digit of 25698?
9
What is the ten thousands digit of 58000?
5
What is the thousands digit of 606244?
6
What is the hundreds digit of 17646551?
5
What is the thousands digit of 1698808?
8
What is the hundred thousands digit of 1696211?
6
What is the hundred thousands digit of 12651686?
6
What is the hundreds digit of 293040?
0
What is the hundred thousands digit of 106831?
1
What is the millions digit of 1360520?
1
What is the hundred thousands digit of 297342?
2
What is the hundred thousands digit of 236939?
2
What is the units digit of 99823?
3
What is the ten millions digit of 22719631?
2
What is the hundreds digit of 34140?
1
What is the units digit of 1207710?
0
What is the thousands digit of 737680?
7
What is the hundreds digit of 484224?
2
What is the ten thousands digit of 1813261?
1
What is the hundred thousands digit of 1396846?
3
What is the thousands digit of 3293654?
3
What is the thousands digit of 247442?
7
What is the tens digit of 25164197?
9
What is the hundreds digit of 239196?
1
What is the ten thousands digit of 128079?
2
What is the ten thousands digit of 355829?
5
What is the ten thousands digit of 8240199?
4
What is the ten thousands digit of 355950?
5
What is the units digit of 342375?
5
What is the hundred thousands digit of 603388?
6
What is the hundreds digit of 656378?
3
What is the hundreds digit of 11500306?
3
What is the tens digit of 254579?
7
What is the thousands digit of 13534?
3
What is the hundreds digit of 467281?
2
What is the tens digit of 241214?
1
What is the hundred thousands digit of 4390384?
3
What is the tens digit of 7897923?
2
What is the units digit of 38286134?
4
What is the units digit of 16025304?
4
What is the hundreds digit of 1251077?
0
What is the hundreds digit of 3288449?
4
What is the hundreds digit of 5585198?
1
What is the millions digit of 1313118?
1
What is the hundreds digit of 543239?
2
What is the tens digit of 6141548?
4
What is the millions digit of 2233369?
2
What is the millions digit of 1381868?
1
What is the millions digit of 7844662?
7
What is the hundred thousands digit of 526648?
5
What is the thousands digit of 5345370?
5
What is the hundreds digit of 3889866?
8
What is the ten thousands digit of 89102?
8
What is the ten thousands digit of 2419761?
1
What is the tens digit of 85686?
8
What is the units digit of 11835788?
8
What is the ten thousands digit of 595651?
9
What is the millions digit of 17674415?
7
What is the units digit of 7972870?
0
What is the ten thousands digit of 411735?
1
What is the ten thousands digit of 9827525?
2
What is the tens digit of 210713?
1
What is the units digit of 18365816?
6
What is the tens digit of 4258877?
7
What is the tens digit of 446575?
7
What is the units digit of 1486321?
1
What is the ten thousands digit of 1787603?
8
What is the thousands digit of 501053?
1
What is the units digit of 374004?
4
What is the tens digit of 254554?
5
What is the thousands digit of 7606215?
6
What is the units digit of 4999712?
2
What is the hundreds digit of 18738?
7
What is the thousands digit of 321019?
1
What is the units digit of 2919?
9
What is the tens digit of 191585?
8
What is the hundreds digit of 141599?
5
What is the hundreds digit of 6362629?
6
What is the hundred thousands digit of 1539529?
5
What is the ten thousands digit of 824397?
2
What is the hundred thousands digit of 637302?
6
What is the tens digit of 2688474?
7
What is the hundreds digit of 1005956?
9
What is the hundreds digit of 1707261?
2
What is the ten thousands digit of 57069?
5
What is the thousands digit of 306944?
6
What is the ten thousands digit of 6952448?
5
What is the hundreds digit of 124720?
7
What is the thousands digit of 717848?
7
What is the ten thousands digit of 2199728?
9
What is the thousands digit of 8474206?
4
What is the hundreds digit of 34274?
2
What is the tens digit of 18839364?
6
What is the thousands digit of 16362842?
2
What is the hundreds digit of 6350309?
3
What is the thousands digit of 364671?
4
What is the millions digit of 1511364?
1
What is the tens digit of 32811177?
7
What is the ten thousands digit of 92697?
9
What is the tens digit of 556127?
2
What is the tens digit of 2679739?
3
What is the ten thousands digit of 928929?
2
What is the thousands digit of 56509?
6
What is the tens digit of 787031?
3
What is the thousands digit of 6453064?
3
What is the units digit of 2099380?
0
What is the hundreds digit of 761434?
4
What is the thousands digit of 2163180?
3
What is the ten thousands digit of 2161840?
6
What is the hundreds digit of 2026129?
1
What is the tens digit of 5983108?
0
What is the hundred thousands digit of 367946?
3
What is the ten thousands digit of 14660813?
6
What is the ten thousands digit of 1301698?
0
What is the units digit of 53815?
5
What is the tens digit of 15970499?
9
What is the units digit of 6370942?
2
What is the millions digit of 4451782?
4
What is the hundreds digit of 7421274?
2
What is the ten thousands digit of 758245?
5
What is the tens digit of 3408439?
3
What is the units digit of 1696416?
6
What is the hundreds digit of 514844?
8
What is the thousands digit of 738171?
8
What is the units digit of 88135?
5
What is the tens digit of 439523?
2
What is the thousands digit of 212754?
2
What is the hundred thousands digit of 938426?
9
What is the hundreds digit of 545888?
8
What is the ten thousands digit of 7931026?
3
What is the hundreds digit of 30415585?
5
What is the tens digit of 932753?
5
What is the units digit of 13163151?
1
What is the units digit of 163255?
5
What is the hundreds digit of 15924287?
2
What is the ten thousands digit of 209809?
0
What is the thousands digit of 200567?
0
What is the tens digit of 1280657?
5
What is the millions digit of 9508981?
9
What is the ten thousands digit of 267466?
6
What is the hundreds digit of 788096?
0
What is the units digit of 582897?
7
What is the tens digit of 469679?
7
What is the hundreds digit of 4724797?
7
What is the hundred thousands digit of 468179?
4
What is the tens digit of 506225?
2
What is the ten thousands digit of 292060?
9
What is the units digit of 2013984?
4
What is the thousands digit of 23669472?
9
What is the units digit of 763951?
1
What is the units digit of 247820?
0
What is the hundreds digit of 765833?
8
What is the ten thousands digit of 137083?
3
What is the hundreds digit of 14638696?
6
What is the tens digit of 25471422?
2
What is the hundreds digit of 8632738?
7
What is the millions digit of 6253269?
6
What is the hundreds digit of 17750873?
8
What is the hundreds digit of 1901685?
6
What is the thousands digit of 2734584?
4
What is the tens digit of 28239654?
5
What is the units digit of 37480346?
6
What is the hundred thousands digit of 1000769?
0
What is the ten thousands digit of 38176319?
7
What is the hundred thousands digit of 2362157?
3
What is the ten thousands digit of 4144032?
4
What is the units digit of 70573?
3
What is the thousands digit of 525014?
5
What is the thousands digit of 240846?
0
What is the units digit of 294467?
7
What is the tens digit of 1707095?
9
What is the ten millions digit of 11878724?
1
What is the hundred thousands digit of 2161066?
1
What is the ten thousands digit of 238699?
3
What is the thousands digit of 2249939?
9
What is the ten thousands digit of 430485?
3
What is the thousands digit of 1416364?
6
What is the units digit of 84092?
2
What is the millions digit of 25125488?
5
What is the hundred thousands digit of 708379?
7
What is the units digit of 949543?
3
What is the ten thousands digit of 14326953?
2
What is the hundred thousands digit of 16981263?
9
What is the tens digit of 215806?
0
What is the units digit of 23756?
6
What is the ten thousands digit of 494149?
9
What is the units digit 